are the prime factors of 1697?
1697
List the prime factors of 10056.
2, 3, 419
What are the prime factors of 8995?
5, 7, 257
List the prime factors of 9011.
9011
What are the prime factors of 55304?
2, 31, 223
What are the prime factors of 20643?
3, 7, 983
What are the prime factors of 110788?
2, 27697
What are the prime factors of 9579?
3, 31, 103
What are the prime factors of 2513?
7, 359
What are the prime factors of 3300?
2, 3, 5, 11
What are the prime factors of 741?
3, 13, 19
What are the prime factors of 683?
683
List the prime factors of 5050.
2, 5, 101
What are the prime factors of 4857?
3, 1619
What are the prime factors of 26?
2, 13
List the prime factors of 932.
2, 233
What are the prime factors of 668?
2, 167
List the prime factors of 45265.
5, 11, 823
What are the prime factors of 26110?
2, 5, 7, 373
What are the prime factors of 9169?
53, 173
What are the prime factors of 274?
2, 137
List the prime factors of 1309.
7, 11, 17
What are the prime factors of 4205?
5, 29
List the prime factors of 2298.
2, 3, 383
What are the prime factors of 486?
2, 3
What are the prime factors of 1702?
2, 23, 37
What are the prime factors of 15901?
15901
What are the prime factors of 7773?
3, 2591
What are the prime factors of 1898?
2, 13, 73
List the prime factors of 16.
2
What are the prime factors of 16507?
17, 971
What are the prime factors of 1452?
2, 3, 11
List the prime factors of 13128.
2, 3, 547
What are the prime factors of 14307?
3, 19, 251
What are the prime factors of 1713?
3, 571
What are the prime factors of 17882?
2, 8941
What are the prime factors of 2234?
2, 1117
What are the prime factors of 2131?
2131
List the prime factors of 2338.
2, 7, 167
What are the prime factors of 2155?
5, 431
What are the prime factors of 8691?
3, 2897
List the prime factors of 21370.
2, 5, 2137
List the prime factors of 3304.
2, 7, 59
List the prime factors of 1908.
2, 3, 53
What are the prime factors of 1333?
31, 43
List the prime factors of 2416.
2, 151
What are the prime factors of 21198?
2, 3, 3533
What are the prime factors of 3651?
3, 1217
List the prime factors of 31003.
7, 43, 103
List the prime factors of 51040.
2, 5, 11, 29
List the prime factors of 201.
3, 67
List the prime factors of 168175.
5, 7, 31
What are the prime factors of 4647?
3, 1549
What are the prime factors of 420?
2, 3, 5, 7
List the prime factors of 10467.
3, 1163
What are the prime factors of 8847?
3, 983
What are the prime factors of 3891?
3, 1297
What are the prime factors of 11348?
2, 2837
List the prime factors of 375.
3, 5
List the prime factors of 1157.
13, 89
What are the prime factors of 370?
2, 5, 37
What are the prime factors of 1782?
2, 3, 11
List the prime factors of 47945.
5, 43, 223
List the prime factors of 38829.
3, 7, 43
What are the prime factors of 26011?
19, 37
What are the prime factors of 7647?
3, 2549
What are the prime factors of 1079?
13, 83
List the prime factors of 8475.
3, 5, 113
List the prime factors of 5847.
3, 1949
What are the prime factors of 30321?
3, 1123
List the prime factors of 5598.
2, 3, 311
List the prime factors of 4012.
2, 17, 59
List the prime factors of 24866.
2, 12433
What are the prime factors of 6441?
3, 19, 113
What are the prime factors of 5833?
19, 307
List the prime factors of 1354.
2, 677
What are the prime factors of 1099?
7, 157
What are the prime factors of 170566?
2, 11, 7753
What are the prime factors of 4336?
2, 271
List the prime factors of 32513.
13, 41, 61
List the prime factors of 631.
631
What are the prime factors of 13625?
5, 109
What are the prime factors of 44539?
11, 4049
List the prime factors of 2994.
2, 3, 499
What are the prime factors of 616?
2, 7, 11
List the prime factors of 32532.
2, 3, 2711
What are the prime factors of 450?
2, 3, 5
What are the prime factors of 4865?
5, 7, 139
What are the prime factors of 12236?
2, 7, 19, 23
What are the prime factors of 3869?
53, 73
What are the prime factors of 45576?
2, 3, 211
List the prime factors of 2542.
2, 31, 41
What are the prime factors of 12075?
3, 5, 7, 23
List the prime factors of 1290.
2, 3, 5, 43
List the prime factors of 762.
2, 3, 127
What are the prime factors of 1073?
29, 37
What are the prime factors of 10655?
5, 2131
What are the prime factors of 1099?
7, 157
What are the prime factors of 1628?
2, 11, 37
What are the prime factors of 9454?
2, 29, 163
List the prime factors of 1039.
1039
What are the prime factors of 100003?
100003
What are the prime factors of 1990?
2, 5, 199
List the prime factors of 11821.
11821
What are the prime factors of 2732?
2, 683
What are the prime factors of 29?
29
What are the prime factors of 8407?
7, 1201
What are the prime factors of 3035?
5, 607
List the prime factors of 2487.
3, 829
List the prime factors of 20597.
43, 479
What are the prime factors of 1809?
3, 67
What are the prime factors of 15450?
2, 3, 5, 103
List the prime factors of 1255.
5, 251
List the prime factors of 3885.
3, 5, 7, 37
List the prime factors of 74787.
3, 97, 257
What are the prime factors of 215?
5, 43
List the prime factors of 40864.
2, 1277
List the prime factors of 340.
2, 5, 17
What are the prime factors of 5543?
23, 241
List the prime factors of 726.
2, 3, 11
What are the prime factors of 20005?
5, 4001
What are the prime factors of 1138?
2, 569
List the prime factors of 459.
3, 17
What are the prime factors of 4267?
17, 251
List the prime factors of 3724.
2, 7, 19
What are the prime factors of 935?
5, 11, 17
What are the prime factors of 54023?
89, 607
List the prime factors of 492.
2, 3, 41
What are the prime factors of 5839?
5839
List the prime factors of 397.
397
List the prime factors of 1225.
5, 7
List the prime factors of 1664.
2, 13
What are the prime factors of 122462?
2, 61231
List the prime factors of 186356.
2, 46589
List the prime factors of 556.
2, 139
List the prime factors of 140411.
140411
What are the prime factors of 19684?
2, 7, 19, 37
List the prime factors of 79147.
79147
What are the prime factors of 1386?
2, 3, 7, 11
What are the prime factors of 126755?
5, 101, 251
What are the prime factors of 389?
389
List the prime factors of 20494.
2, 10247
What are the prime factors of 64359?
3, 7151
List the prime factors of 1549.
1549
List the prime factors of 586.
2, 293
List the prime factors of 554.
2, 277
List the prime factors of 11360.
2, 5, 71
What are the prime factors of 1126?
2, 563
List the prime factors of 7057.
7057
What are the prime factors of 3112?
2, 389
What are the prime factors of 7678?
2, 11, 349
What are the prime factors of 2767?
2767
What are the prime factors of 37701?
3, 59, 71
List the prime factors of 463.
463
What are the prime factors of 1545?
3, 5, 103
List the prime factors of 1668.
2, 3, 139
List the prime factors of 2348.
2, 587
List the prime factors of 86978.
2, 157, 277
What are the prime factors of 8205?
3, 5, 547
What are the prime factors of 556?
2, 139
What are the prime factors of 7766?
2, 11, 353
List the prime factors of 4596.
2, 3, 383
What are the prime factors of 1533?
3, 7, 73
What are the prime factors of 10013?
17, 19, 31
What are the prime factors of 2668?
2, 23, 29
What are the prime factors of 102734?
2, 31, 1657
List the prime factors of 62019.
3, 2297
List the prime factors of 1167.
3, 389
List the prime factors of 20395.
5, 4079
What are the prime factors of 4064?
2, 127
What are the prime factors of 695?
5, 139
List the prime factors of 1062.
2, 3, 59
What are the prime factors of 16989?
3, 7, 809
What are the prime factors of 29480?
2, 5, 11, 67
What are the prime factors of 20329?
29, 701
What are the prime factors of 73885?
5, 7, 2111
What are the prime factors of 1305?
3, 5, 29
List the prime factors of 1335.
3, 5, 89
List the prime factors of 12189.
3, 17, 239
List the prime factors of 7169.
67, 107
What are the prime factors of 17655?
3, 5, 11, 107
List the prime factors of 3900.
2, 3, 5, 13
What are the prime factors of 4507?
4507
List the prime factors of 8259.
3, 2753
List the prime factors of 6214.
2, 13, 239
List the prime factors of 39827.
39827
List the prime factors of 196.
2, 7
List the prime factors of 304.
2, 19
What are the prime factors of 3789?
3, 421
What are the prime factors of 7880?
2, 5, 197
List the prime factors of 10218.
2, 